ppose 12*j = 13*j - 88. Let x = 118 - 85. What is the highest common divisor of x and j?
11
Let l(o) = -2*o**3 - 15*o**2 - 25*o - 25. Let i = 275 + -285. Let f be l(i). What is the highest common factor of f and 25?
25
Suppose -3*l + 2040 = 3*l. Let h = l - 190. What is the highest common divisor of h and 75?
75
Let o be 6/(-14) - (-7920)/693. Let j = 6 + -4. Suppose 0 = -j*n + 22 + 88. What is the highest common factor of n and o?
11
Let n(u) = -2*u**2 - 11*u - 63. Let w be n(-8). Let g = 112 + w. Calculate the greatest common divisor of 9 and g.
9
Let l be (-1 - (-5 + 4))/(-2). Suppose 4*u - 138 - 162 = l. What is the highest common divisor of u and 60?
15
Suppose 4*j - 2*b - 148 = 2*b, -2*j + 99 = 3*b. Let y(n) = -43*n**3 + 2*n**2 - 2. Let x be y(-2). Calculate the highest common factor of j and x.
14
Let z = 1383 - -1467. Calculate the greatest common factor of 75 and z.
75
Suppose -74 - 82 = 2*w. Let c be (-4)/(-26) - 222/w. Suppose -c*j - 3*s + 6 = 0, -5*j + 1 = -3*j + 5*s. What is the greatest common divisor of 21 and j?
3
Suppose 2*i + 2*a - 2 = 18, 2*i - 5*a = -15. Suppose -i*d + 479 = 4*x - 485, x + 4 = 0. What is the highest common factor of d and 28?
28
Suppose 190*m - 4*j - 8100 = 186*m, 5*j = 2*m - 4047. What is the greatest common factor of 2 and m?
2
Let i(v) = 12*v**2 + 3*v - 11. Let n be i(-5). Suppose 4*r - n = -2*c, 4*r + 3*c - 154 = 121. Calculate the greatest common factor of r and 51.
17
Let q = -3718 - -3730. What is the greatest common divisor of q and 192?
12
Suppose -94*d + 88*d + 114 = 0. Let s = -1106 - -1885. What is the greatest common factor of d and s?
19
Suppose 171*l - 7218 = 165*l. Suppose -21*q + l = 195. Let b be (60 - 0)/2 + 2. Calculate the highest common divisor of b and q.
16
Let o = 3449 + -1970. Calculate the highest common factor of o and 204.
51
Let b(i) = 11*i**3 + i**2 - i + 1. Let t be b(1). Suppose 30 = 3*q - t. Suppose -144*a = -132*a - 168. Calculate the greatest common divisor of q and a.
14
Suppose -67*w + 3343 = -25*w + 823. Calculate the highest common divisor of 96 and w.
12
Let y be -10 + 7 + -4 - -651. Let g = 683 - y. What is the highest common divisor of g and 1248?
39
Let r be 96/(-5)*450/36. Let j = r + 380. What is the highest common divisor of j and 60?
20
Let p(d) be the first derivative of -d**3/3 + 9*d**2 - 24*d + 41. Let u be p(10). What is the highest common factor of u and 224?
56
Suppose 0 = -24*l + 31*l + 1218. Let b = 459 + l. Calculate the highest common divisor of 15 and b.
15
Suppose -884*a = -865*a - 1900. What is the greatest common divisor of a and 1275?
25
Let l be ((-3)/(-9)*0)/((-6)/3). Suppose l = 8*j - 17 - 119. Calculate the highest common factor of 255 and j.
17
Let q(o) = 35*o**3 - 2*o**2 + o. Suppose -14*y + 7 = -7*y. Let r be q(y). Suppose 14*u - 2662 = 2574. What is the greatest common factor of u and r?
34
Let b be 10/4*156/10. Let a = b + -33. Let s be ((-2)/4)/((a/104)/(-3)). Calculate the greatest common divisor of 26 and s.
26
Let n = -69 + 71. Suppose -v = -5*v + 4*u + 40, -n*u - 10 = 0. Suppose 3*j - 540 = -4*h, 405 = v*h - 2*h - 5*j. What is the highest common divisor of h and 15?
15
Let i = 5439 + -4897. What is the highest common divisor of i and 6?
2
Suppose 138*o - 220 = 127*o. Calculate the greatest common divisor of o and 7460.
20
Suppose 30*a = 25*a + 100. Suppose 0 = 11*r - a - 134. Calculate the greatest common factor of 119 and r.
7
Let q(j) = 372*j**2 + 95*j - 132. Let n be q(4). What is the highest common divisor of n and 248?
248
Suppose q = -25 + 10. Let i be (-12)/q + -1 + 11/5. Suppose 28*u + 6 = 29*u. Calculate the highest common factor of u and i.
2
Suppose -436*y = -420*y - 12960. What is the highest common divisor of y and 120?
30
Let q = -43 - -45. Suppose 4*t + t = -5, 2*t = q*y - 22. Suppose 27*m - 31*m + 40 = 0. Calculate the highest common divisor of m and y.
10
Let o be -744*((-9)/(-2) + -5)/(-1). Let a = o + 374. Calculate the greatest common divisor of 128 and a.
2
Suppose 3*m - 5*t - 4201 = 0, 0 = m + 3*t - 2300 + 909. Suppose 0 = 16*f - 47*f + 341. Calculate the greatest common divisor of m and f.
11
Let f = -13500 - -13636. Calculate the greatest common divisor of 646 and f.
34
Let w(a) = 11*a + 105. Let l be w(-26). Let h = -149 - l. What is the greatest common divisor of 224 and h?
32
Let x be 88202/(-7) + -1 + 9/7. Let k be 1/(-6) - x/432. What is the highest common divisor of 58 and k?
29
Suppose -4*g = -3*v - 373, -8*v + 3 = -9*v. What is the greatest common factor of 65 and g?
13
Suppose -9*i - 80 = -71. Let z be (-4)/14*(8 + i) + 46. Calculate the highest common factor of z and 8.
4
Let j(m) = -m**2 + 10*m - 16. Suppose -4*g + 35 - 19 = 0. Let r be j(g). Let k be 4/r*6 - (-1 + -38). Calculate the greatest common divisor of 14 and k.
14
Let l = 66 - -47. Suppose -7*p - l = -6*p. Let o = -87 - p. What is the greatest common factor of 39 and o?
13
Let p be 150/120*(-92)/1. Let o = p + 143. What is the highest common divisor of 28 and o?
28
Suppose -1105 = -5*x + 5*q, 687 = 3*x + 1086*q - 1081*q. What is the greatest common factor of x and 1536?
32
Suppose -2234 = -5*k + 3*p, 2*k - 3*p - 896 = -p. Let d = -207 + k. Calculate the greatest common divisor of 28 and d.
14
Let l(c) = 37*c**2 + 5*c - 4. Let i be l(1). Let w = i - -133. Suppose z + 9 = 2*z. Calculate the greatest common factor of w and z.
9
Suppose -45*q + 44*q = a - 193, -a + 191 = -q. What is the greatest common divisor of 1056 and a?
96
Let l be 2*(596/(-2) + 0). Let t be l/(-6) + 36/(-27). Calculate the greatest common divisor of t and 56.
14
Let w(d) = d**3 + 75*d**2 + 1221*d + 41. Let o be w(-51). Calculate the greatest common factor of 38 and o.
2
Suppose x + 3*h = -11 + 1, 3*x + 40 = h. Let a be (-1 + 1)/(-11 - x). Suppose -2*j + 2 + 0 = a. What is the highest common divisor of 11 and j?
1
Let y = 19702 + -19693. Suppose 0 = -4*w - 4*h - 8, 5*h - 3*h = -3*w - 1. Calculate the greatest common divisor of y and w.
3
Let t = -154 + 158. Suppose 348 = 4*h - 4*m, 5*m - 464 = -t*h - 143. What is the greatest common factor of 210 and h?
42
Let n(t) = 2*t**3 - 11*t + 2. Suppose -2*q = -3*w + 16, -8*w - 2*q = -12*w + 20. Let c be n(w). What is the greatest common factor of 215 and c?
43
Let n = 57 + 28. Suppose 5*w = 25, -5*s + 2*w - 5*w = -n. Let d = -1 - -3. What is the highest common divisor of s and d?
2
Let c = -1674 + 1899. What is the highest common divisor of c and 75?
75
Let k(v) = -39*v**2 + 432*v - 4. Let n be k(11). Calculate the greatest common divisor of n and 7859.
29
Let j = 98 - 94. Let f = -1589 + 1609. Calculate the greatest common divisor of f and j.
4
Let t = 359 - 249. Let y(d) = d**3 + 12*d**2 - 1488*d + 109. Let p be y(33). Calculate the greatest common divisor of p and t.
10
Let d(i) = 12*i**2 + 16 + 11*i**3 + 6*i**2 - 12*i**3 + 2*i - 2*i**2 + 0*i. Let o be d(16). What is the highest common divisor of 408 and o?
24
Let b be (-6)/(-2) - (-21)/(-3). Let r(d) = -5*d - 2. Let x be r(b). Let y = -1 + x. What is the greatest common factor of 153 and y?
17
Let z be -4011*((3 - -3) + -7). Suppose -10*t + z = 21. What is the highest common divisor of t and 21?
21
Let f = 124 - -107. Let i be (-2 - (-130)/35)*28259/734. Calculate the highest common divisor of i and f.
33
Suppose -1275 = -3*c - 3*v, 5*v - 1273 = 6*c - 9*c. What is the highest common divisor of c and 18?
6
Suppose 0 = 5*f + 10, 4*z + 0*f - 3*f = 2190. Suppose -z = -15*w + 1299. Calculate the highest common factor of 41 and w.
41
Let n be ((-19045)/(-3516))/((-25)/(-8) + -3)*3. Suppose 3*c - 161 = -m, m = c - 19 - 28. Calculate the greatest common factor of c and n.
26
Let b(r) = -2*r - 15. Let v be b(-6). Let g be 2 - 0/((v + 7)/4). Let i be (1*g)/((-34)/(-85)). Calculate the highest common factor of i and 40.
5
Let y = -20 - -138. Suppose -798 = -y*w + 99*w. What is the highest common factor of w and 105?
21
Let k be (-968)/(-12)*3/6*3. Let u = -112 + 145. What is the greatest common divisor of k and u?
11
Let b(n) = -n**2 - 121*n - 615. Let u be b(-110). What is the greatest common factor of u and 340?
85
Suppose -4*u = r - 35948, -21*u - 2*r + 188768 = -7*r. What is the greatest common divisor of 112 and u?
28
Let q(s) = -53*s - 906. Let p be q(-55). Calculate the hig